ivisor of 84938 and 279288278?
12134
Calculate the greatest common divisor of 10324 and 58192.
4
Calculate the greatest common divisor of 1412836 and 170.
34
What is the highest common factor of 2889 and 3986178?
321
What is the highest common divisor of 2602752 and 137472?
768
Calculate the highest common divisor of 28075 and 7055.
5
Calculate the highest common divisor of 408647052 and 1464.
732
What is the greatest common divisor of 4575566 and 212450?
1214
What is the greatest common factor of 9315631 and 117?
13
What is the highest common factor of 1863 and 59477517?
621
Calculate the greatest common divisor of 1700748408 and 408.
408
Calculate the greatest common factor of 4503 and 990186.
237
What is the highest common factor of 2176515 and 2241?
9
Calculate the greatest common factor of 83 and 50360914.
83
What is the greatest common factor of 54 and 18007083?
27
What is the greatest common factor of 10937179 and 1102?
19
Calculate the highest common divisor of 2575 and 15545687.
103
What is the greatest common divisor of 4930986 and 56202?
2958
What is the greatest common factor of 1251453 and 44436?
483
What is the highest common divisor of 9506 and 1775809?
49
What is the greatest common divisor of 981 and 219684159?
981
What is the greatest common factor of 62012 and 121508?
148
Calculate the greatest common divisor of 725 and 2901740.
145
Calculate the greatest common factor of 7338016 and 36176.
1904
What is the greatest common divisor of 1774766 and 1904?
238
What is the greatest common factor of 2320 and 219005?
5
Calculate the highest common divisor of 1147396 and 5056.
316
What is the highest common factor of 3806 and 331342?
22
What is the highest common factor of 101053 and 19043?
139
What is the greatest common divisor of 7912532 and 6817?
401
Calculate the highest common divisor of 29783532 and 15240.
1524
What is the highest common factor of 46639649 and 172?
43
Calculate the greatest common factor of 1056992 and 140128.
928
Calculate the greatest common factor of 13810 and 138726974.
2762
Calculate the highest common factor of 17079896 and 32504.
1912
What is the highest common divisor of 540 and 33497112?
12
What is the greatest common factor of 5307 and 2599734?
87
Calculate the greatest common factor of 272862324 and 9648.
2412
Calculate the highest common factor of 10784826 and 126.
18
Calculate the highest common divisor of 20880 and 2984970.
870
Calculate the highest common factor of 908408 and 64998.
46
What is the highest common factor of 132 and 18460101?
33
Calculate the highest common divisor of 563436148 and 666.
74
What is the highest common divisor of 77 and 1684276?
11
Calculate the greatest common factor of 82534458 and 2322.
258
What is the highest common divisor of 119695 and 1238390?
185
Calculate the highest common factor of 1049718 and 769133.
3301
Calculate the greatest common divisor of 4436 and 484392.
4
What is the greatest common divisor of 1062 and 1454232?
354
What is the greatest common divisor of 7100 and 1180304?
284
What is the highest common factor of 27227087 and 8809?
383
Calculate the highest common divisor of 72569535 and 30.
15
Calculate the greatest common divisor of 163882 and 575262.
134
Calculate the highest common divisor of 1583596 and 8188.
92
What is the greatest common factor of 30 and 17687130?
30
What is the highest common divisor of 53 and 44626742?
53
Calculate the highest common factor of 19276888 and 30504.
328
What is the highest common divisor of 156177294 and 21294?
7098
Calculate the greatest common factor of 19483383 and 795.
159
Calculate the highest common factor of 192612851 and 1.
1
What is the greatest common divisor of 175 and 76853525?
175
What is the highest common factor of 15744 and 242105984?
5248
Calculate the greatest common factor of 1515836 and 142072.
1204
What is the highest common factor of 8137202 and 2022?
674
What is the highest common factor of 376 and 10180294?
94
Calculate the highest common divisor of 42 and 21269514.
42
Calculate the highest common factor of 173178090 and 15.
15
What is the greatest common divisor of 59055 and 580390?
635
Calculate the highest common divisor of 1650 and 7017538.
22
Calculate the greatest common divisor of 831 and 101541552.
831
Calculate the highest common divisor of 2916751200 and 3520.
1760
What is the highest common factor of 1 and 2730893?
1
What is the greatest common factor of 88012247 and 85?
17
What is the highest common divisor of 3996417 and 1179?
393
What is the highest common divisor of 11682321 and 3864?
483
What is the greatest common factor of 114703729 and 2198?
1099
What is the highest common factor of 1615370 and 496470?
670
Calculate the greatest common factor of 5183224 and 16.
8
What is the highest common factor of 3775 and 466825?
25
Calculate the highest common divisor of 2904 and 389183432.
968
What is the greatest common divisor of 22 and 52941031?
11
Calculate the highest common divisor of 1284 and 57302673.
321
Calculate the highest common factor of 5317375 and 2425.
25
Calculate the greatest common factor of 16880094 and 63.
63
What is the greatest common divisor of 608440432 and 5381?
5381
What is the greatest common divisor of 10309775 and 350?
175
Calculate the highest common factor of 1588822 and 20234.
302
Calculate the greatest common divisor of 17570835 and 315.
45
What is the highest common factor of 1259913 and 208833?
1383
Calculate the highest common factor of 12389824 and 1748.
1748
What is the greatest common factor of 9170153 and 48068?
197
Calculate the highest common divisor of 60014 and 7918.
74
Calculate the highest common factor of 31235639 and 67811.
1577
What is the highest common factor of 15035476 and 24?
4
What is the greatest common factor of 1017640 and 794200?
760
Calculate the greatest common divisor of 230276 and 1978.
46
Calculate the greatest common factor of 852 and 4461782.
142
Calculate the highest common divisor of 54414715 and 10.
5
What is the greatest common factor of 39204040 and 3400?
680
What is the greatest common factor of 9603 and 14733?
9
What is the highest common divisor of 98432 and 11358130?
1538
Calculate the highest common divisor of 116784 and 505253.
811
Calculate the highest common divisor of 1588168 and 1474.
134
What is the highest common divisor of 135 and 15385365?
45
Calculate the greatest common divisor of 525315 and 420.
105
Calculate the greatest common divisor of 30 and 67871550.
30
Calculate the greatest common divisor of 385819916 and 4974.
1658
Calculate the highest common divisor of 31122 and 1083802902.
10374
Calculate the greatest common divisor of 22442 and 12099444.
3206
Calculate the highest common factor of 467861 and 33500.
67
Calculate the highest common divisor of 86053 and 138325.
11
What is the greatest common divisor of 154352 and 1606?
22
Calculate the highest common divisor of 418342580 and 180.
20
Calculate the highest common factor of 44032 and 76672.
128
What is the greatest common factor of 11112 and 501034524?
5556
What is the greatest common divisor of 875142 and 216?
18
What is the greatest common factor of 2136 and 2834739?
267
Calculate the greatest common divisor of 17771 and 1680043.
1367
Calculate the greatest common factor of 18543 and 504193.
883
What is the greatest common divisor of 1583436 and 79248?
1524
What is the greatest common divisor of 688599 and 963?
9
What is the highest common factor of 22240 and 1134935?
695
What is the greatest common divisor of 748680 and 34680?
2040
Calculate the highest common factor of 2422805 and 2100.
35
Calculate the greatest common factor of 10745001 and 18.
9
What is the highest common divisor of 2176 and 85236640?
544
Calculate the highest common divisor of 174 and 189254.
58
Calculate the highest common factor of 9251 and 7633873.
29
Calculate the highest common factor of 209 and 1853716.
19
What is the greatest common divisor of 7542459 and 9545?
1909
Calculate the highest common divisor of 45 and 4405581.
9
What is the highest common divisor of 195 and 10240737?
39
What is the greatest common factor of 216 and 197808?
24
Calculate the highest common divisor of 2908 and 168200174.
1454
What is the highest common factor of 18 and 37502